{"id":7366,"date":"2015-11-18T08:37:53","date_gmt":"2015-11-18T08:37:53","guid":{"rendered":"http:\/\/interior-design.cmsmasters.net\/?page_id=7366"},"modified":"2026-02-01T00:36:42","modified_gmt":"2026-02-01T00:36:42","slug":"home-store","status":"publish","type":"page","link":"https:\/\/mojaszkola.com\/?page_id=7366","title":{"rendered":"Home"},"content":{"rendered":"<div id=\"cmsmasters_row_nkdtbzx2oa\" class=\"cmsmasters_row cmsmasters_color_scheme_default cmsmasters_row_top_default cmsmasters_row_bot_default cmsmasters_row_fullwidth\">\n<div class=\"cmsmasters_row_outer_parent\">\n<div class=\"cmsmasters_row_outer\">\n<div class=\"cmsmasters_row_inner cmsmasters_row_fullwidth\">\n<div class=\"cmsmasters_row_margin\">\n<div id=\"cmsmasters_column_\" class=\"cmsmasters_column one_first\">\n<div class=\"cmsmasters_column_inner\"><div class=\"cmsmasters_slider\">\t\t\t<rs-module-wrap id=\"rev_slider_error_1_wrapper\">\n\t\t\t\t<rs-module id=\"rev_slider_error_1\">\n\t\t\t\t\t<div class=\"rs_error_message_box\">\n\t\t\t\t\t\t<div class=\"rs_error_message_oops\">There is nothing to show here!<\/div>\n\t\t\t\t\t\t<div class=\"rs_error_message_content\">Slider with alias home_slider 1 not found.<\/div>\n\t\t\t\t\t<\/div>\n\t\t\t\t<\/rs-module>\n\t\t\t<\/rs-module-wrap>\n\t\t\t<script>\n\t\t\t\tvar rs_eslider = document.getElementById(\"rev_slider_error_1\");\n\t\t\t\trs_eslider.style.display = \"none\";\n\t\t\t\tconsole.log(\"Slider with alias home_slider 1 not found.\");\n\t\t\t<\/script>\n<\/div>\n<\/div><\/div>\n<\/div>\n<\/div>\n<\/div>\n<\/div>\n<\/div>\n<div id=\"cmsmasters_row_ejdfo8grc\" class=\"cmsmasters_row cmsmasters_color_scheme_default schoolmotto cmsmasters_row_top_default cmsmasters_row_bot_default cmsmasters_row_boxed\">\n<div class=\"cmsmasters_row_outer_parent\">\n<div class=\"cmsmasters_row_outer\">\n<div class=\"cmsmasters_row_inner\">\n<div class=\"cmsmasters_row_margin\">\n<div id=\"cmsmasters_column_hc1odmeux6\" class=\"cmsmasters_column one_first\">\n<div class=\"cmsmasters_column_inner\"><div class=\"custom_html\">\n<div class=\"motto-szkoly\"><span>MOTTO SZKO\u0141Y: NASZA SZKO\u0141A JEST WESO\u0141A!<\/span><\/div>\n<\/div>\n<\/div><\/div>\n<\/div>\n<\/div>\n<\/div>\n<\/div>\n<\/div>\n<div id=\"cmsmasters_row_o23efqcw1m\" class=\"cmsmasters_row cmsmasters_color_scheme_default cmsmasters_row_top_default cmsmasters_row_bot_default cmsmasters_row_boxed\">\n<div class=\"cmsmasters_row_outer_parent\">\n<div class=\"cmsmasters_row_outer\">\n<div class=\"cmsmasters_row_inner\">\n<div class=\"cmsmasters_row_margin\">\n<div id=\"cmsmasters_column_ypr5nr992\" class=\"cmsmasters_column one_first\">\n<div class=\"cmsmasters_column_inner\"><div id=\"cmsmasters_heading_qmdh3bean9\" class=\"cmsmasters_heading_wrap cmsmasters_heading_align_center\">\n\t<h1 class=\"cmsmasters_heading\">WITAMY!<\/h1>\n<\/div><div class=\"aligncenter\"><div class=\"cmsmasters_img  cmsmasters_image_c\"><img decoding=\"async\" src=\"https:\/\/mojaszkola.com\/wp-content\/uploads\/2015\/04\/67F3F4728A7E1EE0D41B5F00BF650076E67E200CC98451EF9Epimgpsh_fullsize_distr.png\" alt=\"Picture\" \/><\/div><\/div><div id=\"cmsmasters_heading_hzj4m32eb\" class=\"cmsmasters_heading_wrap cmsmasters_heading_align_center\">\n\t<h5 class=\"cmsmasters_heading\">Nasza szko\u0142a jest weso\u0142a! &#8211; to has\u0142o, kt\u00f3re najpe\u0142niej oddaje cele jakie sobie postawili\u015bmy. \u0141\u0105cz\u0105c nauk\u0119 z zabaw\u0105 staramy si\u0119 przekaza\u0107 naszym wychowankom rado\u015b\u0107 z bycia dwuj\u0119zycznym i dwukulturowym. Atutem naszej szko\u0142y jest przyjazna atmosfera, \u015bwietnie przygotowani do pracy z dwuj\u0119zycznymi uczniami pedagodzy, kt\u00f3rzy s\u0105 pasjonatami swojego zawodu oraz zrozumienie potrzeb wynikaj\u0105cych z nauczania j\u0119zyka polskiego jako obcego.<\/h5>\n<\/div><div id=\"cmsmasters_heading_tpvo6xurm\" class=\"cmsmasters_heading_wrap cmsmasters_heading_align_center\">\n\t<h5 class=\"cmsmasters_heading\">Polska Szko\u0142a im. Marii Sk\u0142odowskiej-Curie wychowuje w duchu poszanowania tradycji, dziedzictwa, rodziny i kultury polskiej. Podczas zaj\u0119\u0107 lekcyjnych nauczyciele wykorzystuj\u0105 najnowsze za\u0142o\u017cenia i pomoce dydaktyczne daj\u0105ce nieograniczone mo\u017cliwo\u015bci realizowania autorskich program\u00f3w dostosowanych do potrzeb uczni\u00f3w. Nasz program nauczania jest ciekawy, nowatorski, a przy tym poparty wieloletni\u0105 praktyk\u0105.<\/h5>\n<\/div>\n<\/div><\/div>\n<\/div>\n<\/div>\n<\/div>\n<\/div>\n<\/div>\n<div id=\"cmsmasters_row_nc3f3u2nvo\" class=\"cmsmasters_row cmsmasters_color_scheme_default patronkas cmsmasters_row_top_default cmsmasters_row_bot_default cmsmasters_row_boxed\">\n<div class=\"cmsmasters_row_outer_parent\">\n<div class=\"cmsmasters_row_outer\">\n<div class=\"cmsmasters_row_inner\">\n<div class=\"cmsmasters_row_margin\">\n<div id=\"cmsmasters_column_4bltjijhib\" class=\"cmsmasters_column one_third\">\n<div class=\"cmsmasters_column_inner\"><div class=\"custom_html\">\n<p><img decoding=\"async\" src=\"\/wp-content\/uploads\/2021\/04\/image-47.png\"><\/p>\n<\/div>\n<\/div><\/div>\n<div id=\"cmsmasters_column_ci8uperdrq\" class=\"cmsmasters_column two_third\">\n<div class=\"cmsmasters_column_inner\"><div class=\"cmsmasters_text\">\n<div class=\"patronkah\">PATRONKA SZKO\u0141Y<\/div>\n<p><strong>Maria Sk\u0142odowska-Curie (1867-1934)<\/strong> By\u0142a dwukrotn\u0105 laureatk\u0105 Nagrody Nobla z chemii i fizyki. Jako jedna z pierwszych kobiet zrobi\u0142a prawo jazdy i zdoby\u0142a Rysy, by\u0142a jedn\u0105 z pierwszych studentek na Sorbonie i pierwsz\u0105 kobiet\u0105 profesorem tej uczelni. <a href=\"\/index.php\/patronka-szkoly\/\">WI\u0118CEJ<\/a> <\/p>\n<\/div>\n<\/div><\/div>\n<\/div>\n<\/div>\n<\/div>\n<\/div>\n<\/div>\n<div id=\"cmsmasters_row_atkdcl2ltn\" class=\"cmsmasters_row cmsmasters_color_scheme_default cmsmasters_row_top_default cmsmasters_row_bot_default cmsmasters_row_boxed\">\n<div class=\"cmsmasters_row_outer_parent\">\n<div class=\"cmsmasters_row_outer\">\n<div class=\"cmsmasters_row_inner\">\n<div class=\"cmsmasters_row_margin\">\n<\/div>\n<\/div>\n<\/div>\n<\/div>\n<\/div>\n<div id=\"cmsmasters_column_hgha9fajxt\" class=\"cmsmasters_column one_first\">\n<div class=\"cmsmasters_column_inner\"><\/div><\/div>\n<div id=\"cmsmasters_heading_mz5pmu0b3v\" class=\"cmsmasters_heading_wrap cmsmasters_heading_align_center\">\n\t<h5 class=\"cmsmasters_heading\"><\/h5>\n<\/div><\/p>\n","protected":false},"excerpt":{"rendered":"","protected":false},"author":1,"featured_media":0,"parent":0,"menu_order":0,"comment_status":"closed","ping_status":"closed","template":"","meta":{"footnotes":""},"class_list":["post-7366","page","type-page","status-publish","hentry"],"_links":{"self":[{"href":"https:\/\/mojaszkola.com\/index.php?rest_route=\/wp\/v2\/pages\/7366","targetHints":{"allow":["GET"]}}],"collection":[{"href":"https:\/\/mojaszkola.com\/index.php?rest_route=\/wp\/v2\/pages"}],"about":[{"href":"https:\/\/mojaszkola.com\/index.php?rest_route=\/wp\/v2\/types\/page"}],"author":[{"embeddable":true,"href":"https:\/\/mojaszkola.com\/index.php?rest_route=\/wp\/v2\/users\/1"}],"replies":[{"embeddable":true,"href":"https:\/\/mojaszkola.com\/index.php?rest_route=%2Fwp%2Fv2%2Fcomments&post=7366"}],"version-history":[{"count":42,"href":"https:\/\/mojaszkola.com\/index.php?rest_route=\/wp\/v2\/pages\/7366\/revisions"}],"predecessor-version":[{"id":17017,"href":"https:\/\/mojaszkola.com\/index.php?rest_route=\/wp\/v2\/pages\/7366\/revisions\/17017"}],"wp:attachment":[{"href":"https:\/\/mojaszkola.com\/index.php?rest_route=%2Fwp%2Fv2%2Fmedia&parent=7366"}],"curies":[{"name":"wp","href":"https:\/\/api.w.org\/{rel}","templated":true}]}}