{"id":16357,"date":"2021-05-04T11:59:56","date_gmt":"2021-05-04T11:59:56","guid":{"rendered":"http:\/\/164.90.132.79\/?page_id=16357"},"modified":"2026-03-30T17:37:28","modified_gmt":"2026-03-30T17:37:28","slug":"aktualnosci","status":"publish","type":"page","link":"https:\/\/mojaszkola.com\/?page_id=16357","title":{"rendered":"Aktualno\u015bci"},"content":{"rendered":"<img loading=\"lazy\" decoding=\"async\" src=\"https:\/\/mojaszkola.com\/wp-content\/uploads\/2026\/03\/plakat-obiad-e1774411336101.jpg\" alt=\"\" width=\"803\" height=\"1024\" class=\"aligncenter size-full wp-image-17042\" \/>\r\n<hr \/>\r\n<p>\r\nInformujemy, \u017ce nasza plac\u00f3wka otrzyma\u0142a za po\u015brednictwem Stowarzyszenie &#8220;Wsp\u00f3lnota Polska&#8221;\r\ndofinansowanie ze \u015brodk\u00f3w bud\u017cetu pa\u0144stwa na podstawie umowy o dofinansowanie z dnia\r\n2026-03-13 w ramach realizowanego zadania publicznego pn. \u201eEdukacja w j\u0119zyku polskim &#8211; USA\u201d.\r\nZadanie dofinansowano przez Instytut Rozwoju J\u0119zyka Polskiego ze \u015brodk\u00f3w bud\u017cetu pa\u0144stwa w\r\nramach konkursu \u201eEdukacja Polonijna \u2013 wsparcie szk\u00f3\u0142 polonijnych za granic\u0105\u201d.\r\nWarto\u015b\u0107 dofinansowania zadania publicznego w 2026 r. : 539 385,00 PLN\r\nCa\u0142kowita warto\u015b\u0107 zadania publicznego: 539 385,00 PLN\r\nZadanie publiczne polega na wsparciu szk\u00f3\u0142 polonijnych poprzez pokrycie podstawowych koszt\u00f3w ich funkcjonowania, m.in. wynajmu pomieszcze\u0144, wynagrodze\u0144 nauczycieli, ubezpieczenia i innych koszt\u00f3w dzia\u0142alno\u015bci plac\u00f3wek edukacyjnych.\r\n<\/p>\r\n<img loading=\"lazy\" decoding=\"async\" src=\"https:\/\/mojaszkola.com\/wp-content\/uploads\/2026\/03\/Plakat_inf_9_K1_2026_1-scaled.jpeg\" alt=\"\" width=\"742\" height=\"1024\" class=\"aligncenter size-full wp-image-17038\" \/>\r\n<hr \/>\r\n<p>&nbsp;<\/p>\r\n<p><img loading=\"lazy\" decoding=\"async\" src=\"https:\/\/mojaszkola.com\/wp-content\/uploads\/2026\/02\/dofinansowanie-Nov-2025.jpg\" alt=\"\" width=\"742\" height=\"1024\" class=\"aligncenter size-full wp-image-17022\" \/><\/p>\r\n<hr \/>\r\n<p>&nbsp;<\/p>\r\n<p><img loading=\"lazy\" decoding=\"async\" class=\"wp-image-16998 aligncenter\" src=\"https:\/\/mojaszkola.com\/wp-content\/uploads\/2025\/12\/IMG_1874.jpg\" alt=\"\" width=\"742\" height=\"1024\" srcset=\"https:\/\/mojaszkola.com\/wp-content\/uploads\/2025\/12\/IMG_1874.jpg 1142w, https:\/\/mojaszkola.com\/wp-content\/uploads\/2025\/12\/IMG_1874-768x1059.jpg 768w, https:\/\/mojaszkola.com\/wp-content\/uploads\/2025\/12\/IMG_1874-1114x1536.jpg 1114w\" sizes=\"auto, (max-width: 742px) 100vw, 742px\" \/><\/p>\r\n<hr \/>\r\n<p><img loading=\"lazy\" decoding=\"async\" class=\"aligncenter wp-image-16994\" src=\"https:\/\/mojaszkola.com\/wp-content\/uploads\/2025\/12\/dofinansowanie-2025.jpg\" alt=\"\" width=\"1024\" height=\"683\" srcset=\"https:\/\/mojaszkola.com\/wp-content\/uploads\/2025\/12\/dofinansowanie-2025.jpg 2048w, https:\/\/mojaszkola.com\/wp-content\/uploads\/2025\/12\/dofinansowanie-2025-768x512.jpg 768w, https:\/\/mojaszkola.com\/wp-content\/uploads\/2025\/12\/dofinansowanie-2025-1536x1025.jpg 1536w\" sizes=\"auto, (max-width: 1024px) 100vw, 1024px\" \/><\/p>\r\n<hr \/>\r\n<p><img loading=\"lazy\" decoding=\"async\" class=\"aligncenter wp-image-16969 size-full\" src=\"http:\/\/164.90.132.79\/wp-content\/uploads\/2025\/10\/zaproszenie-jubileusz-e1759765271422.gif\" alt=\"\" width=\"1325\" height=\"940\" srcset=\"https:\/\/mojaszkola.com\/wp-content\/uploads\/2025\/10\/zaproszenie-jubileusz-e1759765271422.gif 1325w, https:\/\/mojaszkola.com\/wp-content\/uploads\/2025\/10\/zaproszenie-jubileusz-e1759765271422-768x545.gif 768w\" sizes=\"auto, (max-width: 1325px) 100vw, 1325px\" \/><\/p>\r\n<p>&nbsp;<\/p>\r\n<p>&nbsp;<\/p>\r\n<hr \/>\r\n<p>Drodzy Rodzice,<\/p>\r\n\r\n\r\n\r\n<p>Je\u017celi jeszcze nie zapisali\u015bcie swojego dziecka do polskiej szko\u0142y zapraszamy do nas.<\/p>\r\n\r\n\r\n\r\n<p>Zapisy do klas sobotnich i pi\u0105tkowych osobi\u015bcie w sobot\u0119, 23 sierpnia 2025 roku, w Niles, 7280 N. Caldwell Ave.<\/p>\r\n\r\n\r\n\r\n<div class=\"wp-block-group is-nowrap is-layout-flex wp-container-core-group-is-layout-ad2f72ca wp-block-group-is-layout-flex\">\r\n<div class=\"wp-block-query is-layout-flow wp-block-query-is-layout-flow\"><ul class=\"wp-block-post-template is-layout-flow wp-block-post-template-is-layout-flow\"><li class=\"wp-block-post post-17033 post type-post status-publish format-standard hentry category-aktualnosci\">\r\n\r\n\r\n<div class=\"wp-block-columns is-layout-flex wp-container-core-columns-is-layout-9d6595d7 wp-block-columns-is-layout-flex\">\r\n<div class=\"wp-block-column is-layout-flow wp-block-column-is-layout-flow\">\u00a0<\/div>\r\n<\/div>\r\n<\/li><li class=\"wp-block-post post-17031 post type-post status-publish format-standard hentry category-aktualnosci\">\r\n\r\n\r\n<div class=\"wp-block-columns is-layout-flex wp-container-core-columns-is-layout-9d6595d7 wp-block-columns-is-layout-flex\">\r\n<div class=\"wp-block-column is-layout-flow wp-block-column-is-layout-flow\">\u00a0<\/div>\r\n<\/div>\r\n<\/li><li class=\"wp-block-post post-17028 post type-post status-publish format-standard hentry category-aktualnosci\">\r\n\r\n\r\n<div class=\"wp-block-columns is-layout-flex wp-container-core-columns-is-layout-9d6595d7 wp-block-columns-is-layout-flex\">\r\n<div class=\"wp-block-column is-layout-flow wp-block-column-is-layout-flow\">\u00a0<\/div>\r\n<\/div>\r\n<\/li><\/ul><\/div>\r\n\r\n\r\n\r\n<figure class=\"wp-block-image size-full\"><img loading=\"lazy\" decoding=\"async\" width=\"1200\" height=\"900\" class=\"wp-image-16935\" src=\"http:\/\/164.90.132.79\/wp-content\/uploads\/2025\/08\/zapisy2026-6.jpg\" alt=\"\" srcset=\"https:\/\/mojaszkola.com\/wp-content\/uploads\/2025\/08\/zapisy2026-6.jpg 1200w, https:\/\/mojaszkola.com\/wp-content\/uploads\/2025\/08\/zapisy2026-6-768x576.jpg 768w\" sizes=\"auto, (max-width: 1200px) 100vw, 1200px\" \/><\/figure>\r\n<\/div>\r\n","protected":false},"excerpt":{"rendered":"<p>Informujemy, \u017ce nasza plac\u00f3wka otrzyma\u0142a za po\u015brednictwem Stowarzyszenie &#8220;Wsp\u00f3lnota Polska&#8221; dofinansowanie ze \u015brodk\u00f3w bud\u017cetu pa\u0144stwa na podstawie umowy o dofinansowanie&#8230;<\/p>\n","protected":false},"author":1,"featured_media":0,"parent":0,"menu_order":0,"comment_status":"closed","ping_status":"closed","template":"","meta":{"footnotes":""},"class_list":["post-16357","page","type-page","status-publish","hentry"],"_links":{"self":[{"href":"https:\/\/mojaszkola.com\/index.php?rest_route=\/wp\/v2\/pages\/16357","targetHints":{"allow":["GET"]}}],"collection":[{"href":"https:\/\/mojaszkola.com\/index.php?rest_route=\/wp\/v2\/pages"}],"about":[{"href":"https:\/\/mojaszkola.com\/index.php?rest_route=\/wp\/v2\/types\/page"}],"author":[{"embeddable":true,"href":"https:\/\/mojaszkola.com\/index.php?rest_route=\/wp\/v2\/users\/1"}],"replies":[{"embeddable":true,"href":"https:\/\/mojaszkola.com\/index.php?rest_route=%2Fwp%2Fv2%2Fcomments&post=16357"}],"version-history":[{"count":13,"href":"https:\/\/mojaszkola.com\/index.php?rest_route=\/wp\/v2\/pages\/16357\/revisions"}],"predecessor-version":[{"id":17068,"href":"https:\/\/mojaszkola.com\/index.php?rest_route=\/wp\/v2\/pages\/16357\/revisions\/17068"}],"wp:attachment":[{"href":"https:\/\/mojaszkola.com\/index.php?rest_route=%2Fwp%2Fv2%2Fmedia&parent=16357"}],"curies":[{"name":"wp","href":"https:\/\/api.w.org\/{rel}","templated":true}]}}